ppose l*c - 5*y = -3 - 12, 0 = c + 5*y + 15. Give o(c).
-7
Let m(a) = -14078 + 2*a**3 - 5*a**2 - 14088 + 28133 + 9*a. Determine m(4).
51
Let q(z) = 9*z**2 - 30*z + 252. Let k(f) = -2*f**2 - 4*f - 4. Let d(r) = -4*k(r) - q(r). Calculate d(40).
4
Let c(j) be the first derivative of 34*j**2 - 6*j - 353. What is c(1)?
62
Let h(u) = u - 9*u**2 + 2*u - 1338 + 8*u**2 + 1337. Determine h(-4).
-29
Let q(p) be the second derivative of -11/6*p**3 - 1/12*p**4 + 0 - 15/2*p**2 + 112*p. Give q(-10).
-5
Suppose -2566*t + 318 = -2725*t. Let a(o) = 18*o - 1. Calculate a(t).
-37
Let o = -395 + 410. Let d(w) be the first derivative of w**2 - 32*w + 28. Give d(o).
-2
Let c(d) = 6*d**2 + 12*d - 9. Suppose 146*j = -132*j + 244*j + 34. Give c(j).
9
Let x(v) be the third derivative of -v**4/24 + 2*v**3/3 - 18*v**2. Suppose -5*n + 34 + 101 = 0. Let a = -27 + n. What is x(a)?
4
Let m = -7 + 1. Let l(j) = 4*j - 32. Suppose r = -4*u + 45 - 4, 33 = 2*u + 3*r. Let w(s) = s - 7. Let y(k) = u*w(k) - 2*l(k). What is y(m)?
-5
Let j(m) = -2*m**2 + 15*m + 352. Let s(k) = k**2 - 8*k - 186. Let q(l) = 4*j(l) + 7*s(l). Give q(-9).
-11
Let j(p) = -p**3 + 27*p**2 - 53*p + 67. Suppose 121*u - 62*u - 76*u = -425. What is j(u)?
-8
Suppose 0 = 2*q + k + 821, 4*k = -q - k - 406. Let g = q + 411. Let b(x) = x**3 - x**2 + x - 7. What is b(g)?
-7
Let p(q) be the second derivative of q**3/6 + 8*q**2 + 487*q. Calculate p(-15).
1
Suppose 4*h = 35 + 33. Suppose -15 = y - h. Let a(m) = 4*m + 214*m**y - 212*m**2 + 2 + m**3 - m. Give a(-3).
-16
Let r(t) be the third derivative of t**4 + 65*t**3 + 268*t**2. Give r(-16).
6
Suppose 3*z - 70 = -5*w + 55, -4*w - 70 = -z. Let i = -44 + z. Let c(b) = i + 5*b - 3 - 10 + 6. Calculate c(-5).
-26
Let s(k) = 7*k**3 + 28*k**2 + 2*k - 65. Let w(p) = -3*p**3 - 13*p**2 + 2*p + 33. Let j(q) = 2*s(q) + 5*w(q). Determine j(-10).
-5
Let c(g) be the first derivative of -g**4/4 - 5*g**3/3 - 5*g**2/2 - 2. Let d be 6/(30/(-9) + 3). Let p be (-69)/18 + 3/d. Calculate c(p).
4
Let w = -1879 + 1885. Let q(g) = -2*g + 2. Give q(w).
-10
Suppose 5*g = g + 12. Suppose 159*p = 152*p + 469. Suppose g*y = -46 + p. Let c(b) = b**2 - 5*b - 7. Calculate c(y).
7
Let x = 131 + -129. Let g(r) = 75*r**x - 3 + 9*r - 32*r**2 - 44*r**2. Give g(8).
5
Let n = -28 + 36. Let l(d) be the second derivative of d**5/20 - 2*d**4/3 - d**3/6 + 7*d**2/2 + 2*d + 727. Give l(n).
-1
Let t(k) be the second derivative of -k**7/2520 - k**6/80 - k**5/30 - 2*k**4/3 + k**3/3 + 114*k. Let g(j) be the third derivative of t(j). What is g(-7)?
10
Let m(x) = 6*x + 1. Let v be m(28). Let q(d) = -42 - 3*d**2 - 43 - 41 - 10*d + v - 46. What is q(-4)?
-11
Let k = -811 - -826. Let j(g) = 18*g + 12. Let m(q) = 4*q + 4. Let o(h) = 5*h + 5. Let w(a) = 6*m(a) - 5*o(a). Let s(l) = k*w(l) + j(l). Give s(-4).
-15
Suppose 3 = 7*k - 249. Let t(h) = -80*h**3 - h**2 + 2 + 45*h**3 + k*h**3 - 8*h. Determine t(3).
-4
Let b(p) = 5*p + 19. Let t be b(-3). Let m be (t/10)/(((-9)/(-20))/(-9)). Let h(z) be the first derivative of z**3/3 + 4*z**2 - 2*z - 1. Determine h(m).
-2
Let f(h) = h - 17. Let y be 0 - 225/(-75)*(-13)/(-3). Determine f(y).
-4
Suppose z = 5*c + 1002, 5*c + z + 1043 = 45. Let w = -192 - c. Let j(v) = v**3 - 9*v**2 + 3*v - 1. Give j(w).
-41
Let l(q) = 15*q + 4 - 60*q**2 + 62*q**2 - 6*q - 7*q. Suppose 21*z - 22*z = -2. What is l(z)?
16
Let b(f) = 5*f**3 + 6*f**2 - 28*f - 14. Let z(d) = 2*d**3 + 2*d**2 - 10*d - 5. Suppose 6*i = 7*i + 6. Let s(c) = i*b(c) + 17*z(c). What is s(-1)?
-5
Let v(q) be the third derivative of -q**6/120 + q**5/12 + 11*q**4/24 + 7*q**3/6 - 579*q**2. What is v(5)?
62
Let p(v) be the third derivative of v**4/24 + 4*v**3/3 - 26*v**2 - 10*v. Give p(17).
25
Let g(w) = -81 - 84 + 255 - 89 - 2*w. Suppose -c - 1 = 0, 3*i - 2 = -3*c + 1. Determine g(i).
-3
Let m(r) = -r + 9. Let b = -1667 - -1605. Suppose 2*z - 6 - 2 = 0, 5*z = -2*g - 96. Let y = g - b. What is m(y)?
5
Let a(x) = x**3 + 5*x**2 - 5*x + 2. Suppose -9*s - 1772 = -4985. Let y = s - 362. What is a(y)?
27
Let n be 70/(-40) - -1 - (-15)/4. Let p(s) = n*s + 44 - 3*s**2 + 7*s + 0*s**2 - 54 + 2*s**2. Determine p(7).
11
Let q(i) be the second derivative of i**5/20 + 3*i**4/4 - i**3/3 + 9*i**2/2 - 40*i. Let h = 3728 - 3737. Determine q(h).
27
Let i be 0 + (-2 - -1) - 6. Let o(d) = -3*d**2 - 5*d**2 - 390*d**3 + 10 - 6*d - 310*d**3 + 699*d**3. Determine o(i).
3
Let p(r) = 11*r - 226. Let j be p(32). Let m be 5/(45/(-6)) - j/(-27). Let o(l) = -3*l - 1. What is o(m)?
-13
Let z(t) = 2*t**3 + 29*t**2 + 17*t + 48. Let l be z(-14). Let g(r) = -r**2 - 6*r - 7. Determine g(l).
-79
Let h(n) = n**3 - n**2 - 10*n - 14. Let w = 20175 - 20177. Give h(w).
-6
Let f(r) = -10*r**2 + 151*r + 6. Let y(l) = 21*l**2 - 306*l - 8. Let o(s) = 5*f(s) + 2*y(s). Give o(18).
-4
Let c(g) = 15*g**2 - 20*g - 21. Let j(s) = -13*s**2 + 16*s + 19. Let n(q) = 6*c(q) + 7*j(q). Suppose -74*o + 81*o + 70 = 0. Give n(o).
-13
Let z(k) = 22*k - 136. Let c(p) = 6*p. Let m(o) = -2*c(o) + z(o). Give m(13).
-6
Let m(o) = 6*o - 46. Let i(z) = z**3 - 64*z**2 + 295*z + 7. Let b be i(5). Give m(b).
-4
Let f(g) = g**2 + 14*g - 8. Let b be -6 - (3 + 104/13). Calculate f(b).
43
Let c(j) = 3*j + 45. Let s = -4816 - -4800. Give c(s).
-3
Let q(w) be the first derivative of 4/3*w**3 + 1/4*w**4 + 75 - 1/2*w**2 - 5*w. Suppose 3*i = 2*i - 2*b + 4, -4*b = -i - 20. Determine q(i).
-1
Let k = 32886 - 32876. Let d(h) = 3*h**2 - 30*h - 21. Calculate d(k).
-21
Let i(h) be the first derivative of h**3/3 - h**2/2 - 17*h - 100. Let u(x) be the first derivative of i(x). Determine u(6).
11
Let i = -92 + 84. Let c be (i/2)/(6/75). Let y = 46 + c. Let x(d) = 2*d + 6. Calculate x(y).
-2
Let p(w) = -2*w**2 + 19*w - 22. Let f be p(6). Suppose -f*x + 6 = 26. Let i(l) = 18*l**3. What is i(x)?
-18
Suppose -322 = 4*d - 41*d + 48. Let v(s) be the first derivative of -2*s**3/3 + 21*s**2/2 - 12*s - 2. What is v(d)?
-2
Let g(t) be the second derivative of -1/4*t**4 - 2*t + 1/20*t**5 - 2*t**2 - 23 + 5/6*t**3. What is g(2)?
2
Let c(r) be the first derivative of -5*r**4/2 + r - 1. Let g = 382 + -381. Let k be (-6 - g) + 4 + 4. Give c(k).
-9
Let x(n) be the first derivative of -36 + 15*n + 5*n**2 + 1/4*n**4 + 8/3*n**3. Determine x(-7).
-6
Let j(z) = -4*z**3 + z**2 - 6*z - 2. Let d(r) = -r**3 - r**2 - r. Let c(w) = -w**3 - 7*w**2 + 1. Let p be c(-7). Let f(a) = p*j(a) - 5*d(a). What is f(-5)?
28
Let c(j) = j**2 + 6*j + 1. Suppose -5*n + 0 + 10 = 0. Suppose -4*u = -2*a - 288, n*a + 3*a = -20. Let y be (-9)/((-45)/u)*2/(-4). Calculate c(y).
8
Let b(c) = 5*c - 6. Let t be (-4)/(-30) - ((-386)/30 - -2). Suppose -o + 3*s = t, -25 = 5*o - s + 2. Let h(i) = 8*i - 9. Let l(y) = o*h(y) + 7*b(y). Give l(2).
-7
Let w(s) = 3*s**3 - s + 4. Let t be (2016/(-14))/(-8) - 16. Determine w(t).
26
Let n(k) = -2666 + 5273 + 3*k - 2641. What is n(11)?
-1
Let t(n) = -n**2 - 10*n - 9. Let l = -3144 + 3136. Calculate t(l).
7
Suppose 0 = 267*n - 274*n - 91. Let p(i) = i**2 + i + 1. Let m(a) = 6*a**2 + 17*a + 1. Let r(z) = -m(z) + 5*p(z). Determine r(n).
-9
Let v(q) = -q**3 + 4*q**2 - 9*q + 9. Let f(h) = 2*h**2 - 108*h - 337. Let m be f(57). What is v(m)?
-61
Let v(h) be the first derivative of 6 - 11*h + 1/2*h**2. Calculate v(4).
-7
Let p(o) = -11*o + 289*o**2 - 2 + 2*o - 290*o**2 + 3*o. Let g be p(-5). Let j(w) = 4*w - 3. Calculate j(g).
9
Suppose -5*p = 4*z - 102, 4*p - 3*z - 45 = p. Let j = p - 16. Suppose -18 = -j*m - 5*d + 9, 5*m - 4*d = -15. Let k(a) = -3*a**2 + 2*a - 1. Give k(m).
-2
Let l(m) be the second derivative of -8*m + 1/6*m**3 - 1/20*m**5 - 1/4*m**4 - 1/2*m**2 + 3. Suppose 7*x = 3*x - 12. Calculate l(x).
-4
Let v be (2 + -1)/(-3 + (-264)/(-87)). Suppose -2*p + 13 + v = 0. Let c(m) = -2 + p*m + 3 + 1 - 22*m. Calculate c(5).
-3
Let l(z) = -2*z**3 + 4*z**2 + z - 4. Let w(u) = u. Let i be w(-10). Let n be ((-55)/i + -5)*(6 - 0). Give l(n).
-19
Let x(v) = 2*v**2 + 39*v - 22. Let k be (-8440)/470 + (-20)/470. Give x(k).
-76
Let v(a) be the third derivative of a**4/24 + a**3 + 17*a**2 - a - 109. Let r(x) = x**3 - 5*x**2 + 5*x - 1. Let j be r(4). Let w = j - 3. Give v(w).
6
Let v(k) be the third derivative of -k**5/60 + 2*k**4/3 - 21*k**3/2 + 3575*k**2. What is v(9)?
0
Let l(m) = -m**2 + m + 13. Let a(g) = -12*g**3 + 108*g**2 + 8. Let r be a(9). Give l(r).
-